{"id":9,"date":"2016-06-29T22:29:45","date_gmt":"2016-06-29T22:29:45","guid":{"rendered":"http:\/\/www.cristaleriamorcillo.com\/?page_id=9"},"modified":"2016-06-29T22:29:45","modified_gmt":"2016-06-29T22:29:45","slug":"sobre-nosotros","status":"publish","type":"page","link":"http:\/\/www.cristaleriamorcillo.com\/?page_id=9","title":{"rendered":"Sobre nosotros"},"content":{"rendered":"<h1>Morcillo Cristametal<\/h1>\n<p>Somos una empresa familiar de mas de tres generaciones, dedicadas a la carpinter\u00eda de aluminio, fabricamos todo tipo de ventanas, puertas o cerramientos; cristaler\u00eda y acristalamientos en obra, mamparas de ducha y cerrajer\u00eda de hierro.<\/p>\n<p>Contamos con una plantilla joven y especializada, maquinar\u00eda moderna y segura, un amplio espacio industrial y de exposici\u00f3n en Sotillo de la Adrada en pleno Valle del Ti\u00e9tar (\u00c1vila).<\/p>\n","protected":false},"excerpt":{"rendered":"<p>Morcillo Cristametal Somos una empresa familiar de mas de tres generaciones, dedicadas a la carpinter\u00eda de aluminio, fabricamos todo tipo de ventanas, puertas o cerramientos; cristaler\u00eda y acristalamientos en obra, mamparas de ducha y cerrajer\u00eda de hierro. Contamos con una plantilla joven y especializada, maquinar\u00eda moderna y segura, un amplio espacio industrial y de exposici\u00f3n <a href=\"http:\/\/www.cristaleriamorcillo.com\/?page_id=9\" rel=\"nofollow\"><span class=\"sr-only\">Leer m\u00e1sSobre nosotros<\/span>[&hellip;]<\/a><\/p>\n","protected":false},"author":1,"featured_media":10,"parent":0,"menu_order":0,"comment_status":"closed","ping_status":"closed","template":"","meta":{"footnotes":""},"class_list":["post-9","page","type-page","status-publish","has-post-thumbnail","hentry"],"_links":{"self":[{"href":"http:\/\/www.cristaleriamorcillo.com\/index.php?rest_route=\/wp\/v2\/pages\/9","targetHints":{"allow":["GET"]}}],"collection":[{"href":"http:\/\/www.cristaleriamorcillo.com\/index.php?rest_route=\/wp\/v2\/pages"}],"about":[{"href":"http:\/\/www.cristaleriamorcillo.com\/index.php?rest_route=\/wp\/v2\/types\/page"}],"author":[{"embeddable":true,"href":"http:\/\/www.cristaleriamorcillo.com\/index.php?rest_route=\/wp\/v2\/users\/1"}],"replies":[{"embeddable":true,"href":"http:\/\/www.cristaleriamorcillo.com\/index.php?rest_route=%2Fwp%2Fv2%2Fcomments&post=9"}],"version-history":[{"count":1,"href":"http:\/\/www.cristaleriamorcillo.com\/index.php?rest_route=\/wp\/v2\/pages\/9\/revisions"}],"predecessor-version":[{"id":11,"href":"http:\/\/www.cristaleriamorcillo.com\/index.php?rest_route=\/wp\/v2\/pages\/9\/revisions\/11"}],"wp:featuredmedia":[{"embeddable":true,"href":"http:\/\/www.cristaleriamorcillo.com\/index.php?rest_route=\/wp\/v2\/media\/10"}],"wp:attachment":[{"href":"http:\/\/www.cristaleriamorcillo.com\/index.php?rest_route=%2Fwp%2Fv2%2Fmedia&parent=9"}],"curies":[{"name":"wp","href":"https:\/\/api.w.org\/{rel}","templated":true}]}}